-16).
-446
Let o(y) = -16646*y - 66597. Calculate o(-4).
-13
Let v(o) = -450*o**2 + 18495*o - 2054. Determine v(41).
-209
Let a(t) = -630507*t - 1260826. Give a(-2).
188
Let o(j) = -2733*j**2 + 79*j - 15. Calculate o(1).
-2669
Let j(o) = 574*o**2 - 2858*o - 79. Determine j(5).
-19
Let q(i) = 2*i**3 - 108*i**2 + 1329*i - 266. Give q(18).
328
Let q(d) = -d**3 - 63*d**2 + 8716*d - 411. Determine q(67).
-9
Let a(v) = v**3 + 97*v**2 + 348*v - 18005. Calculate a(-91).
13
Let x(d) = -3*d**3 - 24*d**2 + 8*d - 18. Calculate x(-6).
-282
Let k(p) = -4*p**3 - 42*p**2 + 6*p + 127. Give k(-10).
-133
Let t(y) = 137*y - 4071. Calculate t(29).
-98
Let p(j) = 975218*j + 975241. Calculate p(-1).
23
Let t(x) = -11*x**3 - 2*x**2 + 251*x - 87. Give t(-5).
-17
Let f(c) = 3173*c + 161818. What is f(-51)?
-5
Let v(m) = 2*m**3 + 34*m**2 - 21*m + 63. Determine v(-18).
-207
Let a(m) = 4*m**2 + 4709*m - 2. Calculate a(0).
-2
Let f(x) = 249*x + 9389. What is f(-38)?
-73
Let q(w) = -43*w**2 - 97*w - 383. Calculate q(-5).
-973
Let v(p) = 211*p - 2431. Calculate v(12).
101
Let a(c) = -1678*c**2 - 48*c - 39. Give a(-1).
-1669
Let g(m) = -2*m**3 - 489*m**2 - 8761*m + 3149. Give g(-225).
-1
Let n(y) = -2*y**2 - 264*y - 3039. What is n(-11)?
-377
Let u(w) = 413*w**2 + 41723*w + 1012. Give u(-101).
2
Let u(j) = -j**2 + 2103*j - 173421. Give u(86).
41
Let z(n) = -21*n**2 - 7211*n - 2776. Calculate z(-343).
-32
Let g(o) = 4100*o - 12927. Calculate g(3).
-627
Let j(i) = 3281720*i - 29535468. Give j(9).
12
Let l(n) = n**3 - 55*n**2 + 94*n - 2309. Calculate l(54).
-149
Let t(p) = -4*p**3 + 197*p**2 + 1269*p - 220. Give t(55).
0
Let d(w) = -50*w - 58. Give d(15).
-808
Let z(w) = 85529*w + 16421581. Determine z(-192).
13
Let c(f) = 3449*f - 251769. Calculate c(73).
8
Let y(h) = -h**2 - 91*h - 1952. Calculate y(-26).
-262
Let o(t) = -5*t**3 + 54*t**2 - 166*t + 111. What is o(3)?
-36
Let x(q) = -48*q**2 + 23333*q - 2431. Give x(486).
-1
Let o(r) = 58*r**2 - 134*r - 258. What is o(-2)?
242
Let z(q) = -100*q**2 - 603*q - 563. What is z(-5)?
-48
Let f(h) = 44022*h - 440235. Calculate f(10).
-15
Let h(j) = 78589*j + 393112. What is h(-5)?
167
Let o(k) = -k**3 - 93*k**2 - 1389*k + 18436. Give o(-69).
13
Let m(w) = 111289*w + 445151. Calculate m(-4).
-5
Let j(d) = d**2 - 2191*d + 573701. Calculate j(304).
53
Let k(y) = -y**2 - 1159*y + 282815. Give k(207).
53
Let m(u) = 10*u**2 - 1070*u - 3. Give m(107).
-3
Let m(y) = 543*y + 548. What is m(-1)?
5
Let f(k) = -48*k**3 - 35*k**2 - 3. Give f(-1).
10
Let o(i) = i**2 + 1697*i + 63055. Determine o(-38).
13
Let r(p) = -2267*p + 47645. Give r(21).
38
Let t(x) = -x**3 + 3*x**2 + 47*x - 1353. Give t(14).
-2851
Let w(n) = -2163*n + 19487. What is w(9)?
20
Let u(t) = 297*t - 3641. Give u(16).
1111
Let r(a) = -8320*a + 132820. Calculate r(16).
-300
Let x(q) = 60*q**2 + 265*q + 1332. Determine x(-5).
1507
Let l(v) = 1698*v - 568819. Give l(335).
11
Let l(v) = 26266*v + 1365929. Determine l(-52).
97
Let g(z) = -216*z**2 + 610*z + 69. What is g(4)?
-947
Let k(w) = -472*w - 18873. Give k(-40).
7
Let r(y) = -308*y + 50658. Calculate r(162).
762
Let f(o) = -35*o**3 - o**2 - 4*o + 12. What is f(2)?
-280
Let p(d) = 13*d**3 + 166*d**2 + 144*d + 24. Determine p(-8).
2840
Let x(t) = -25593*t + 25858. What is x(1)?
265
Let v(c) = -2*c**2 - 4*c + 852. Give v(-18).
276
Let w(z) = -2*z**3 - 1333*z**2 - 1275*z + 478798. Calculate w(-665).
-2
Let m(a) = -a**3 + 3178*a**2 - 60035*a - 73. Give m(19).
-339
Let y(r) = -3*r**2 + 135*r - 1506. What is y(20)?
-6
Let l(t) = t**3 - 36*t**2 + 8*t + 2047. What is l(34)?
7
Let s(o) = 102*o + 772. Give s(-13).
-554
Let r(h) = 27564*h + 2811584. What is r(-102)?
56
Let l(v) = -v**3 - 1367*v**2 - 307568*v + 4330. Give l(-1083).
-2
Let r(v) = v**2 + 945*v - 31255. Give r(32).
9
Let n(m) = -m**3 - 11*m**2 - 66*m - 1179. What is n(-13)?
17
Let r(y) = y**3 + 4*y**2 - 31*y + 1027. Determine r(0).
1027
Let m(a) = 11*a**3 - 97*a**2 - 479*a + 4397. Give m(8).
-11
Let p(a) = 2028*a - 11560. Determine p(6).
608
Let w(u) = -u**2 + 170*u + 18305. Calculate w(247).
-714
Let w(g) = -111433*g + 18609303. Calculate w(167).
-8
Let i(a) = -42*a + 3280. What is i(68)?
424
Let y(b) = b**3 + 42*b**2 + 164*b + 10526. Calculate y(-44).
-562
Let a(x) = 6*x**3 - 8314*x**2 - 2795*x + 31805. Determine a(1386).
-73
Let y(r) = -16*r**2 + 655*r - 381. What is y(40)?
219
Let s(g) = 33*g**2 + 401*g - 2231. Give s(6).
1363
Let u(g) = 2888*g - 6114. Determine u(2).
-338
Let t(u) = -224*u + 5711. What is t(19)?
1455
Let o(f) = -3*f**2 + 172*f + 39. Determine o(74).
-3661
Let s(y) = -692*y - 58188. Determine s(-84).
-60
Let y(w) = -5688*w**2 - 250271*w + 38. Calculate y(-44).
-6
Let u(t) = -548*t**2 + 3768*t + 3768. Calculate u(-1).
-548
Let q(j) = -j**3 + 171*j**2 + 2*j - 36899. Calculate q(170).
-7659
Let s(z) = -z**3 - 233*z**2 - 3867*z - 425. What is s(-215)?
-1070
Let q(p) = -15*p**2 - 396*p - 1137. Give q(-23).
36
Let l(m) = -42439*m + 212383. Calculate l(5).
188
Let t(k) = -56*k**2 + 1530*k - 1. Give t(27).
485
Let p(x) = 3*x**3 - 27*x**2 - 452*x - 215. What is p(-12)?
-3863
Let i(x) = -x**3 + 393*x**2 - 6038*x + 2266. What is i(377)?
4
Let o(s) = -2*s**2 + 8*s + 64. Calculate o(-8).
-128
Let q(r) = -21*r**2 - 1111*r - 1006. Give q(-52).
-18
Let f(b) = -4*b**3 - 20*b**2 - 156*b - 784. Calculate f(-5).
-4
Let n(v) = 20*v**2 - 249*v - 1295. What is n(-5)?
450
Let z(i) = -5469*i**2 - 300800*i - 277. Determine z(-55).
-2
Let s(q) = -q**3 + 39*q**2 + 64*q - 2379. Determine s(39).
117
Let g(y) = y**2 - 29*y - 1740. Calculate g(-27).
-228
Let t(i) = 2*i**3 - 3*i**2 - 371*i - 516. Calculate t(15).
-6
Let b(n) = -14*n**2 + 67*n + 12189. What is b(32)?
-3
Let d(v) = -4462*v - 11964. Calculate d(-3).
1422
Let g(m) = -340*m + 13383. Determine g(39).
123
Let j(r) = 2*r**2 - 3487*r - 3694936. Determine j(-743).
3
Let p(k) = -1343*k + 7991. What is p(6)?
-67
Let y(c) = -c**2 - 35*c + 11. Determine y(-35).
11
Let f(v) = -2*v**2 + 967*v - 6655. What is f(7)?
16
Let k(d) = -11*d**3 - 4*d**2 - 29*d - 4. Determine k(6).
-2698
Let j(l) = -l**3 + 110*l**2 - 203*l - 5317. Give j(108).
-3913
Let a(s) = s**2 - 48*s - 13529. Give a(-97).
536
Let h(r) = -r**2 + 299*r - 8740. Determine h(267).
-196
Let m(f) = 5*f**2 + 98*f - 38. What is m(-18)?
-182
Let i(j) = 3*j**2 - 135*j - 473. Calculate i(48).
-41
Let l(m) = 41214*m + 54773413. Determine l(-1329).
7
Let k(m) = -49*m**2 + 3782*m - 574. Determine k(77).
119
Let j(u) = -2*u**2 - 249*u - 6919. Determine j(-43).
90
Let s(g) = 27*g**3 - 106*g**2 - 4072*g + 16260. Give s(4).
4
Let n(a) = a**3 - 80*a**2 + 158*a - 3566. Determine n(79).
2675
Let z(m) = -18*m**3 - 43*m**2 - 13*m - 35. Calculate z(-2).
-37
Let i(q) = -4*q**2 + 449*q + 3843. Determine i(-8).
-5
Let q(p) = -p**2 + 363*p - 1344. What is q(359)?
92
Let s(b) = -7330*b + 44303. Give s(6).
323
Let m(c) = 4*c**2 - 220*c + 2917. Determine m(23).
-27
Let n(o) = -o**3 - 68*o**2 + 1047*o + 159. Give n(13).
81
Let h(q) = 2782*q + 570313. Determine h(-205).
3
Let y(f) = -4130*f - 8263. What is y(-2)?
-3
Let v(a) = -640*a - 820. Calculate v(-1).
-180
Let z(l) = 2*l**3 + 39*l**2 - 257*l - 3899. Determine z(-22).
-665
Let k(q) = q**3 + 27*q**2 - 11*q - 633. Give k(-8).
671
Let u(m) = -m**2 - 63*m + 41631. Give u(175).
-19
Let h(u) = u**2 - 8052*u + 408063. Calculate h(51).
12
Let z(u) = -35019*u - 630394. What is z(-18)?
-52
Let f(b) = b**3 - 852*b**2 - 825*b + 26. Determine f(-1).
-2
Let d(h) = -13*h - 951. What is d(-59)?
-184
Let t(o) = -2*o**2 + 128*o + 6. Calculate t(-9).
-1308
Let d(p) = p**2 + 14286*p + 370752. What is d(-26)?
-8
Let j(b) = b**3 - 114*b**2 + 2484*b - 1652. Give j(85).
-37
Let r(f) = f**3 - 164*f**2 - 148*f - 1894. Calculate r(165).
911
Let y(z) = -154*z + 2339. Calculate y(9).
953
Let a(c) = -c**3 + 74*c**2 - 141*c + 90. Determine a(72).
306
Let b(q) = -8*q**2 + 1597*q + 11458. Determine b(-7).
-113
Let d(o) = -o**2 - 140*o + 2980. What is d(22)?
-584
Let j(v) = 2*v**3 - 233*v**2 + 2054*v - 2522. What is j(107)?
-275
Let t(y) = 430*y**2 + 7336*y + 270. Give t(-17).
-172
Let u(o) = 1205*o - 100034. What is u(83)?
-19
Let o(a) = -37*a**2 - 24408*a + 73224. What is o(3)?
-333
Let a(l) = -5*l**2 - 306*l + 1229. Determine a(4).
-75
Let b(r) = 41*r**3 + 151*r**2 - 312*r + 9. Det